 n(s) = 3*s**2 + s. Suppose 7 = -3*z + 2*d, 2*z + 2*d = -d + 4. Give n(z).
2
Suppose 0 = 2*f - r + 2*r - 7, 3*r = 15. Suppose 5*l - 4*z - 9 = -z, 5*l + 4*z + 12 = 0. Let m(t) = 3*t - 5 + l + 6. Determine m(f).
4
Let k(n) = -n**3 + 6*n**2 + 6*n + 7. Suppose 2*h + 21 = 5*h. Calculate k(h).
0
Let n = -6 + 5. Let y(o) = o**2 - 6*o + 7. Let u be y(6). Let p(i) = u + 2*i - 3 - 3 + 3*i**2. Give p(n).
2
Let k(z) be the third derivative of -z**9/60480 - z**8/3360 - z**7/840 - z**6/144 + z**5/12 - 9*z**2. Let f(o) be the third derivative of k(o). Calculate f(-5).
0
Suppose -4 - 5 = -3*z. Suppose n - z*n = 0. Let f(q) be the first derivative of -q**3/3 + q**2/2 + 8*q + 3. Calculate f(n).
8
Let h(f) = 4*f**2 - 9*f**2 + 3 + 0 + 6*f**2 + 3*f. Determine h(-3).
3
Suppose -2*m - m - 3*y - 3 = 0, -4*y = 2*m + 10. Let n(g) = 2 - 6 + 0 + 3 - 11*g**m. Determine n(-1).
10
Suppose 15 = 3*v, 0 = -3*b - 5*v + 37 - 6. Let d(a) = -2*a**2 + 2*a - 1. Determine d(b).
-5
Let t(k) be the third derivative of k**5/30 - k**3/6 - 12*k**2. Give t(-2).
7
Let n(w) be the first derivative of w**3/3 + 7*w**2/2 + 5*w - 1. Suppose 20 = -5*d + 5*c, 0*c = 4*c + 8. Give n(d).
-1
Let i(j) = j**2 - 5*j - 3. Let f be (1 + 3/(-6))*10. Calculate i(f).
-3
Let u(k) be the second derivative of k**3/6 + 7*k**2 - 5*k - 2. Determine u(-7).
7
Let l(k) = 2*k**3 + 5 - k**3 + 20*k**2 - 11*k**2 + 9*k - 19*k**2. What is l(9)?
5
Let o(k) be the first derivative of -k**5/60 + k**4/8 + 2*k**3/3 - 3*k**2/2 + 4. Let v(s) be the second derivative of o(s). Calculate v(5).
-6
Suppose 2*z - 8 = -l, -2*l - 28 = -5*z + 1. Let h be (1/l)/((-17)/(-34)). Let w(y) = -11*y**3 - y**2 + 1. Give w(h).
11
Let a be -2*1 - (2 + 10). Let g be (-4)/14 + 38/a. Let j(w) be the second derivative of w**4/12 + w**3/6 - w**2 + 4*w. Give j(g).
4
Let m(y) = -y + 8. Let q(d) = -3*d + 25. Let r(i) = -7*m(i) + 2*q(i). Calculate r(4).
-2
Let v(d) = d**2 - 4*d - 7. Let m be v(5). Let u(j) = -2*j + 2*j + j**2 - 2*j**2. Give u(m).
-4
Let k = -3 - -4. Let y(s) = -2*s + 4*s + k - 4*s + 3*s. Give y(-3).
-2
Let f(k) = 2*k - 1. Let w(g) = g**3 + 6*g**2 + 4*g + 23. Let v be w(-6). Give f(v).
-3
Let m = -2 - -5. Let y be (5 + m/3)/2. Let t(s) = 2*s**3 + 5*s + s**2 + 1 - 3*s**y - 4*s**2. Determine t(-4).
-3
Let j be (-18)/(-21)*35/10. Let f(k) = 3*k**2 - 2 + 3*k - k**2 - 3*k**2. Determine f(j).
-2
Let k(n) = n**2 + 5. Let z be -1*-2*6/2. Suppose x + 3*b = z, -2*x = -3*x - 2*b + 4. Give k(x).
5
Let y(v) = -2*v**2 - 19*v + 10. Let n(p) = p**2 + 9*p - 5. Let z(l) = -9*n(l) - 4*y(l). Suppose -i + 2*t = 7, -2*i - i - t = 14. What is z(i)?
5
Let i(j) = j**3 + j**2 + j + 3. Let u(p) = -p**3 + 5*p**2 - 2*p - 2. Let a be u(4). Suppose -2*l - l = -a. Suppose 0 = -0*d + l*d. What is i(d)?
3
Let m = -8 + 10. Suppose -2*k + m = -5*c, -3*c - 2*c - 5 = -5*k. Let o(w) = -w + 1. Calculate o(k).
0
Let q(a) be the first derivative of a**7/840 + a**6/72 + a**5/30 + a**4/12 + a**3 + 1. Let s(m) be the third derivative of q(m). Determine s(-2).
6
Suppose 0 = 18*h - 13*h - 30. Let x(i) = -i**2 + 7*i + 8. What is x(h)?
14
Let o(m) = 2*m + 1. Let w(d) = d. Let r(a) = 6*o(a) - 13*w(a). Determine r(7).
-1
Let q(w) = w**3 + 6*w**2 + 2*w + 8. Suppose 3*v + 2*v = 10. Suppose 4*n - 2*n - v = 0, 2*u + 3*n + 9 = 0. Give q(u).
-4
Let i(m) = -m**2 - 21*m - 22. Let x be i(-20). Let y(g) = 2*g - 1. Determine y(x).
-5
Suppose -y - 4*y + 10 = 0. Let n(d) = d**3 - 4*d**3 - 2*d**3 - 2*d - 2*d**y - 1. Determine n(-1).
4
Let h(d) = d. Suppose 3*k - 5*k + 5*i = -35, -3*k + 2*i + 36 = 0. Let c = -14 + k. Determine h(c).
-4
Suppose 22*i - 16*i = 12. Let r(j) be the second derivative of 0*j**i + j + 5/12*j**4 - 1/6*j**3 + 0. Calculate r(1).
4
Suppose 0 = m + 2 - 5. Let z(a) = m*a + 2 + 0*a + 2. Let x(n) = -n. Let o(q) = -5*x(q) - z(q). Give o(3).
2
Let s = -304 - -301. Let h(i) = 13*i - 1. Let u(t) = 19*t - 1. Let m(l) = 7*h(l) - 5*u(l). Let x(k) = k + 1. Let z(c) = -m(c) - 2*x(c). Determine z(s).
-6
Let s(v) be the first derivative of v**4/4 + 4*v**3/3 - 3*v**2/2 + 7*v - 16. Suppose -4*u - 94 = -9*g + 4*g, 0 = -2*u + 8. Let a be -3*(-2 - g/(-6)). Give s(a).
-3
Let u(c) be the first derivative of -c**3/3 - c**2/2 + 5*c + 5. Calculate u(-4).
-7
Let d be (-2 - 1)*2*-1. Let a be (4/d)/(1/(-3)). Let z(i) = 1 - i**2 - i + 0 + 2*i - 2. Determine z(a).
-7
Let u(g) = g + 1. Let w(a) = a**3 + 6*a**2 - 15*a + 5. Let x be w(-8). Give u(x).
-2
Suppose -4*b + 2*g = -8, -b + 0*g = 3*g - 16. Let y(h) = 3*h - 3. What is y(b)?
9
Let c be (12/7)/((-5)/(-35)). Suppose -m - c = -4*m. Suppose -j = m*j - 5. Let p(y) = 3*y**3 + y**2 - 2*y + 1. What is p(j)?
3
Let f(x) = -x**3 + 4*x**2 + 2*x - 5. Let q be f(4). Let y = -1 + q. Let n(v) = -3*v + 2. Give n(y).
-4
Let z be (-4)/(-12) - (-14)/3. Suppose 4*l + 5 = -2*j + l, -z*j = -4*l - 45. Let v(y) = -1 + 0*y + j + y. Determine v(0).
4
Let m(r) = r**2 + r - 19. Suppose -5*o = 2*x + 4 - 0, -2 = o + x. Determine m(o).
-19
Let g(v) = v - 3. Let r(w) = w**3 - 5*w**2 - 8*w + 10. Let l be r(6). What is g(l)?
-5
Let g(w) be the first derivative of w**3/6 - 3*w**2/2 + 3*w - 1. Let l(b) be the first derivative of g(b). Give l(0).
-3
Let a(p) = -5*p - 6. Let y be a(-1). Let q(l) = 3*l - 1. Give q(y).
-4
Suppose -4*h + 0*h = 52. Suppose 0 = -4*o + 4, 0*o + o = -4*z + 33. Let m = z + h. Let u(p) = p**2 + 3*p - 3. Calculate u(m).
7
Let g(d) = d + 2*d + 10*d**2 - 9*d**2 - d + 4. What is g(-5)?
19
Let i(l) be the third derivative of l**4/24 + 7*l**3/6 - l**2. Suppose w + 2*a - 3 = 6*w, 4*a + 5 = -w. Let u = w - 2. Determine i(u).
4
Let w(c) be the second derivative of 0 + 1/6*c**3 - 7*c - c**2. Suppose 2*a - 4 = -12. What is w(a)?
-6
Let x(c) be the first derivative of c**4/4 - c**3 - 2*c**2 - c - 33. Calculate x(4).
-1
Let q(n) = n**3 - 2*n**2 - 4*n + 3. Let u = 12 + -6. Suppose -l + 3*l + u = 0. Let i be (-15)/l + -1 - 1. What is q(i)?
0
Let o(l) = -3*l - l**2 + 3 + 4*l**2 + 2 + l**3. Let a(z) = -z**3 - 3*z**2 + 5*z. Let k be a(-4). What is o(k)?
1
Let j(u) = 3*u - 1. Let h(g) = g + 2. Let y(t) = -2*h(t) + j(t). Give y(9).
4
Let f(b) be the first derivative of -b**4/4 + 5*b**3/3 - b**2/2 + 4*b + 22. Suppose 2*z - 17 = -7. What is f(z)?
-1
Let x(n) = -n - 1. Suppose -2*m + 10 = -4*m. Suppose 27 - 2 = 5*t + 5*u, 2 = t + 4*u. Let l = t + m. Give x(l).
-2
Suppose -s = -2*f - 5*s + 6, 0 = -4*f + 3*s + 12. Let w(l) = l + f*l - 5*l - 2. Give w(3).
-5
Let c(p) = -3*p - 4. Let v(z) = z**2 + z + 4. Let t be v(0). Let q be -5 + 2 + -1*t. Let y = q - -3. Calculate c(y).
8
Let t(d) = -d**3 - 1. Let m(v) = -6*v**3 + 2*v**2 - v - 4. Let g(r) = m(r) - 5*t(r). Give g(2).
-1
Let c = -4 + 3. Let p(i) = -i**3 - 4*i**2 + 5*i + 2. Let w be p(-5). Let z(h) = 5*h**w + 6*h**3 - 2*h**2 - 3*h**3 + h - 2*h**2. Calculate z(c).
-3
Let b be (0 - -6) + 1 + -3. Suppose -3*w - b*n + 6 = 0, -w + 3*w = 4*n + 4. Let m(d) = -1 + 0 + d**2 + w + 3*d. Give m(-4).
5
Let i(c) = -5. Let j = -1 - 0. Let h(p) = -p + 1. Let f(a) = j*i(a) - 4*h(a). Let q be (-6)/(-2) + -4 + 2. Give f(q).
5
Let o(c) = c**2 + 5*c + 2. Let h be o(-5). Let j(s) be the second derivative of -s**3/6 + s**2 - 29*s. Give j(h).
0
Let u = 2 + -7. Let h(m) be the third derivative of m**6/120 + m**5/15 - m**4/4 - 2*m**3/3 - 2*m**2. Determine h(u).
1
Let l(a) = 15*a**2. Let x be l(1). Let k be 1/(3/x + 0). Let b(h) = -2*h + 5. Calculate b(k).
-5
Let x(k) = -5*k + 25. Let g(i) = 3*i - 13. Let t(r) = 7*g(r) + 4*x(r). Give t(-4).
5
Let b(j) = -23 + 4*j + 6 + 6 + 10. What is b(-2)?
-9
Let v(k) = -3*k**2 + 7*k - 1. Let b(j) = 2*j**2 - 5*j + 1. Let m(r) = 8*b(r) + 5*v(r). Let d be -1*5*(-1 + -4 - -4). Determine m(d).
3
Let n(g) = -2 - 2 - 2*g - 1 + g. Determine n(-7).
2
Let u(x) = -x + 1. Let i(p) = 7*p - 11. Let s(r) = i(r) + 6*u(r). Suppose -25 = -2*w + 5*d, 3*d + 3 = -2*w + 4. Suppose 0 = w*g - 7*g. Calculate s(g).
-5
Suppose 2*q + 4 + 0 = 0. Let h(d) be the first derivative of d**4/4 + d**2/2 + d + 5. Calculate h(q).
-9
Let j be 8 - ((4 - -1) + -2). Let c(l) = -l**3 + 6*l**2 - 8*l + 3. Determine c(j).
-12
Let j(c) = c - 3. Suppose 6*r + 5*m - 20 = r, 3*r - 18 = -5*m. Let x = -5 + r. Calculate j(x).
-7
Let w(v) = -5*v**2 + 10*v + 6. Let x(n) = n**2 + 1. Let h(b) = w(b) + 6*x(b). Give h(-9).
3
Let l(k) = -3*k + 3. Let x(n) = 1 - 2 - 4 + n + 3. Let q(u) = 3*l(u) +